{"id":1485,"date":"2023-08-30T00:56:08","date_gmt":"2023-08-29T22:56:08","guid":{"rendered":"https:\/\/www.adrns.org\/bbt\/?page_id=1485"},"modified":"2023-08-30T02:47:45","modified_gmt":"2023-08-30T00:47:45","slug":"dimitri-mfoumou-titi","status":"publish","type":"page","link":"https:\/\/www.adrns.org\/bbt\/dimitri-mfoumou-titi\/","title":{"rendered":"Dimitri M&rsquo;foumou-titi"},"content":{"rendered":"\n<figure class=\"wp-block-image size-full\"><img loading=\"lazy\" decoding=\"async\" width=\"310\" height=\"319\" src=\"https:\/\/www.adrns.org\/bbt\/wp-content\/uploads\/2023\/08\/dimo.png\" alt=\"\" class=\"wp-image-1480\" srcset=\"https:\/\/www.adrns.org\/bbt\/wp-content\/uploads\/2023\/08\/dimo.png 310w, https:\/\/www.adrns.org\/bbt\/wp-content\/uploads\/2023\/08\/dimo-292x300.png 292w\" sizes=\"auto, (max-width: 310px) 100vw, 310px\" \/><\/figure>\n\n\n\n<p><\/p>\n\n\n\n<p>Dimitri M&rsquo;foumou-titi, dipl\u00f4m\u00e9 de l&rsquo;UPEC Paris XII, Master en Management Transport Logistique s&rsquo;est toujours d\u00e9marqu\u00e9 par son audace intellectuelle et sa pers\u00e9v\u00e9rance, il a \u00e9galement compl\u00e9t\u00e9 son bagage acad\u00e9mique avec un Master 2 \u00e0 l&rsquo;ESSEC Paris Business School, \u00ab\u00a0Management Gestion des Organisations\u00a0\u00bb et une sp\u00e9cialit\u00e9 en Business Unit et a suivi des modules en \u00e9conomie des territoires.<\/p>\n\n\n\n<p>Occupant un poste de cadre en direction centrale dans une grande entreprise fran\u00e7aise de transport, Dimitri assure les fonctions de responsable patrimoine et immobilier. Expert en management de projet et en management transversal, il a d\u00e9velopp\u00e9 une comp\u00e9tence rare dans la conduite de projets complexes avec une efficacit\u00e9 remarquable. Que ce soit en logistique d&rsquo;entrep\u00f4t, en transport routier, ferroviaire ou en immobilier industriel et tertiaire, son expertise est reconnue.<\/p>\n\n\n\n<p>Ses talents l&rsquo;ont conduit \u00e0 accompagner des projets d&rsquo;entreprise dans plusieurs pays, notamment en R\u00e9publique du Congo, au Cameroun et au Ghana. En 2017, il concr\u00e9tise sa passion pour l&rsquo;entrepreneuriat en cr\u00e9ant l&rsquo;association ADRNS, visant \u00e0 stimuler et \u00e0 guider les entrepreneurs pour une transformation positive de leurs territoires et \u00e0 destination du continent africain.<\/p>\n\n\n\n<p>Malgr\u00e9 les d\u00e9fis, Dimitri a toujours mis en avant le travail acharn\u00e9 et l&rsquo;engagement. Ces derni\u00e8res ann\u00e9es, il a organiser des Afterwork hybrides qui ont rassembl\u00e9 plus de 100 invit\u00e9s (pr\u00e9sentiel et Visioconf\u00e9rence) avec 100 dates pour encourag\u00e9 les porteurs de projet \u00e0 investir en Afrique. Cependant, les \u00e9v\u00e9nements r\u00e9cents de juin 2023 l&rsquo;ont amen\u00e9 \u00e0 repenser ses perspectives.<\/p>\n\n\n\n<p>Son parcours, qui l&rsquo;a vu \u00e9voluer de la banlieue de La Courneuve (93) et Grigny (91) aux postes de responsabilit\u00e9 dans de grandes entreprises fran\u00e7aises, est une source d&rsquo;inspiration pour de nombreux jeunes. Actuellement r\u00e9sident \u00e0 Saint Germain en Laye (78), il est fermement convaincu que la banlieue peut produire des talents exceptionnels, pourvu qu&rsquo;on leur donne les bonnes opportunit\u00e9s. Avec plus de 20 ans d&rsquo;exp\u00e9rience dans les directions centrales de grandes entreprises fran\u00e7aises, Dimitri est la preuve vivante que la r\u00e9ussite est possible quel que soit le point de d\u00e9part.<\/p>\n\n\n\n<p><strong>R\u00e9alisations &amp; Cr\u00e9ation de l&rsquo;association ADRNS<\/strong><br><\/p>\n\n\n\n<ul class=\"wp-block-list\">\n<li>Cr\u00e9ation de l&rsquo;association ADRNS (African Valley) en 2017 pour sensibiliser les entrepreneurs et ceux qui souhaitent investir en Afrique<\/li>\n\n\n\n<li>Cr\u00e9ation des plateformes en ligne pour le d\u00e9veloppement \u00e9conomique (www.african-valley.org)<br>et le d\u00e9veloppement solidaire (www.adrnsforthechild.com).<\/li>\n\n\n\n<li>Lancement des AFTERWORK By \u00ab\u00a0African Valley\u00a0\u00bb et du Continental Networking en 2021 pour cr\u00e9er un r\u00e9seau d&rsquo;entrepreneurs<br>et d&rsquo;investisseurs pour le Doing Business en Afrique.<br><\/li>\n<\/ul>\n","protected":false},"excerpt":{"rendered":"<p>Dimitri M&rsquo;foumou-titi, dipl\u00f4m\u00e9 de l&rsquo;UPEC Paris XII, Master en Management Transport Logistique s&rsquo;est toujours d\u00e9marqu\u00e9 par son audace intellectuelle et sa pers\u00e9v\u00e9rance, il a \u00e9galement compl\u00e9t\u00e9 son bagage acad\u00e9mique avec &#8230;<\/p>\n","protected":false},"author":1,"featured_media":0,"parent":0,"menu_order":0,"comment_status":"closed","ping_status":"closed","template":"template-fullwidth.php","meta":{"footnotes":""},"class_list":["post-1485","page","type-page","status-publish","hentry"],"_links":{"self":[{"href":"https:\/\/www.adrns.org\/bbt\/wp-json\/wp\/v2\/pages\/1485","targetHints":{"allow":["GET"]}}],"collection":[{"href":"https:\/\/www.adrns.org\/bbt\/wp-json\/wp\/v2\/pages"}],"about":[{"href":"https:\/\/www.adrns.org\/bbt\/wp-json\/wp\/v2\/types\/page"}],"author":[{"embeddable":true,"href":"https:\/\/www.adrns.org\/bbt\/wp-json\/wp\/v2\/users\/1"}],"replies":[{"embeddable":true,"href":"https:\/\/www.adrns.org\/bbt\/wp-json\/wp\/v2\/comments?post=1485"}],"version-history":[{"count":2,"href":"https:\/\/www.adrns.org\/bbt\/wp-json\/wp\/v2\/pages\/1485\/revisions"}],"predecessor-version":[{"id":1519,"href":"https:\/\/www.adrns.org\/bbt\/wp-json\/wp\/v2\/pages\/1485\/revisions\/1519"}],"wp:attachment":[{"href":"https:\/\/www.adrns.org\/bbt\/wp-json\/wp\/v2\/media?parent=1485"}],"curies":[{"name":"wp","href":"https:\/\/api.w.org\/{rel}","templated":true}]}}