{"id":1551,"date":"2023-08-30T22:27:29","date_gmt":"2023-08-30T20:27:29","guid":{"rendered":"https:\/\/www.adrns.org\/bbt\/?page_id=1551"},"modified":"2023-08-30T22:35:24","modified_gmt":"2023-08-30T20:35:24","slug":"devenir-ambassadeur","status":"publish","type":"page","link":"https:\/\/www.adrns.org\/bbt\/devenir-ambassadeur\/","title":{"rendered":"Devenir Ambassadeur"},"content":{"rendered":"\n<figure class=\"wp-block-image size-full\"><img loading=\"lazy\" decoding=\"async\" width=\"1000\" height=\"375\" src=\"https:\/\/www.adrns.org\/bbt\/wp-content\/uploads\/2023\/08\/ambassadeur.webp\" alt=\"\" class=\"wp-image-1552\" srcset=\"https:\/\/www.adrns.org\/bbt\/wp-content\/uploads\/2023\/08\/ambassadeur.webp 1000w, https:\/\/www.adrns.org\/bbt\/wp-content\/uploads\/2023\/08\/ambassadeur-300x113.webp 300w, https:\/\/www.adrns.org\/bbt\/wp-content\/uploads\/2023\/08\/ambassadeur-768x288.webp 768w\" sizes=\"auto, (max-width: 1000px) 100vw, 1000px\" \/><\/figure>\n\n\n\n<p><\/p>\n\n\n\n<p><strong>Pourquoi devenir ambassadeur du BENGU\u00c9 BUSINESS TOUR pour votre r\u00e9gion ?<\/strong><br><\/p>\n\n\n\n<p>Cette distinction n&rsquo;est pas seulement une reconnaissance de votre expertise et de votre d\u00e9vouement, mais aussi une marque de confiance quant \u00e0 votre capacit\u00e9 \u00e0 repr\u00e9senter et \u00e0 porter notre projet au sein de votre r\u00e9gion.<\/p>\n\n\n\n<p><strong>Quelle est la mission d&rsquo;un ambassadeur ?<\/strong><\/p>\n\n\n\n<p><br>La mission qui vous est confi\u00e9e sera d&rsquo;une dur\u00e9e d&rsquo;un an, renouvelable \u00e0 son terme. Pendant cette p\u00e9riode, vous serez rattach\u00e9(e) \u00e0 l&rsquo;\u00e9quipe des responsables et vos missions seront les suivantes :<\/p>\n\n\n\n<p><br>\u25cf <strong>Promotion du BENGU\u00c9 BUSINESS TOUR <\/strong>: Augmenter la visibilit\u00e9 et la notori\u00e9t\u00e9 du projet \u00e0 travers des actions de communication cibl\u00e9es.<br>\u25cf<strong> Mobilisation de participants et acteurs <\/strong>: Promouvoir le BBT dans votre r\u00e9gion et maximiser la participation des diff\u00e9rentes communaut\u00e9s et acteurs aux sessions de votre r\u00e9gion.<br>\u25cf <strong>Organisation d&rsquo;\u00e9v\u00e9nements <\/strong>: Collaborer \u00e0 la mise en place et au bon d\u00e9roulement des sessions de formation et d&rsquo;information dans votre r\u00e9gion.<br>\u25cf <strong>Recherche de financement <\/strong>: Identifier et engager des discussions avec des partenaires potentiels pour obtenir un soutien financier \u00e0 nos activit\u00e9s.<br>\u25cf <strong>Mobilisation des contributions locales <\/strong>: Solliciter des contributions en nature ou en comp\u00e9tences de la part des entreprises, institutions, et particuliers de votre r\u00e9gion.<br>\u25cf <strong>Rapport et feedback <\/strong>: Fournir r\u00e9guli\u00e8rement des retours sur les avanc\u00e9es et les d\u00e9fis rencontr\u00e9s, et proposer des solutions innovantes pour am\u00e9liorer notre impact.<br>\u25cf <strong>Tisser des partenariats <\/strong>: Engager des partenariats strat\u00e9giques avec des acteurs cl\u00e9s de votre r\u00e9gion pour assurer la p\u00e9rennit\u00e9 de nos actions.<\/p>\n\n\n\n<p><br>Nous sommes persuad\u00e9s que votre passion, votre engagement et votre expertise seront des atouts majeurs pour assurer le succ\u00e8s du BENGU\u00c9 BUSINESS TOUR dans votre r\u00e9gion . Nous sommes impatients de collaborer \u00e9troitement avec vous et de vous soutenir dans cette nouvelle aventure.<\/p>\n\n\n\n<p><strong><a href=\"https:\/\/www.adrns.org\/bbt\/nous-rejoindre\/\" data-type=\"link\" data-id=\"https:\/\/www.adrns.org\/bbt\/nous-rejoindre\/\">Comment s&rsquo;inscrire ?<\/a><\/strong> <strong><a href=\"https:\/\/www.adrns.org\/bbt\/nous-rejoindre\/\" data-type=\"link\" data-id=\"https:\/\/www.adrns.org\/bbt\/nous-rejoindre\/\">Cliquez-ici<\/a><\/strong><\/p>\n\n\n\n<p><\/p>\n\n\n\n<figure class=\"wp-block-image size-full\"><a href=\"https:\/\/www.adrns.org\/bbt\/nous-rejoindre\/\"><img loading=\"lazy\" decoding=\"async\" width=\"784\" height=\"700\" src=\"https:\/\/www.adrns.org\/bbt\/wp-content\/uploads\/2023\/08\/Rejoignez-nous.png\" alt=\"\" class=\"wp-image-1509\" srcset=\"https:\/\/www.adrns.org\/bbt\/wp-content\/uploads\/2023\/08\/Rejoignez-nous.png 784w, https:\/\/www.adrns.org\/bbt\/wp-content\/uploads\/2023\/08\/Rejoignez-nous-300x268.png 300w, https:\/\/www.adrns.org\/bbt\/wp-content\/uploads\/2023\/08\/Rejoignez-nous-768x686.png 768w\" sizes=\"auto, (max-width: 784px) 100vw, 784px\" \/><\/a><\/figure>\n","protected":false},"excerpt":{"rendered":"<p>Pourquoi devenir ambassadeur du BENGU\u00c9 BUSINESS TOUR pour votre r\u00e9gion ? Cette distinction n&rsquo;est pas seulement une reconnaissance de votre expertise et de votre d\u00e9vouement, mais aussi une marque de &#8230;<\/p>\n","protected":false},"author":1,"featured_media":1552,"parent":0,"menu_order":0,"comment_status":"closed","ping_status":"closed","template":"template-fullwidth.php","meta":{"footnotes":""},"class_list":["post-1551","page","type-page","status-publish","has-post-thumbnail","hentry"],"_links":{"self":[{"href":"https:\/\/www.adrns.org\/bbt\/wp-json\/wp\/v2\/pages\/1551","targetHints":{"allow":["GET"]}}],"collection":[{"href":"https:\/\/www.adrns.org\/bbt\/wp-json\/wp\/v2\/pages"}],"about":[{"href":"https:\/\/www.adrns.org\/bbt\/wp-json\/wp\/v2\/types\/page"}],"author":[{"embeddable":true,"href":"https:\/\/www.adrns.org\/bbt\/wp-json\/wp\/v2\/users\/1"}],"replies":[{"embeddable":true,"href":"https:\/\/www.adrns.org\/bbt\/wp-json\/wp\/v2\/comments?post=1551"}],"version-history":[{"count":3,"href":"https:\/\/www.adrns.org\/bbt\/wp-json\/wp\/v2\/pages\/1551\/revisions"}],"predecessor-version":[{"id":1559,"href":"https:\/\/www.adrns.org\/bbt\/wp-json\/wp\/v2\/pages\/1551\/revisions\/1559"}],"wp:featuredmedia":[{"embeddable":true,"href":"https:\/\/www.adrns.org\/bbt\/wp-json\/wp\/v2\/media\/1552"}],"wp:attachment":[{"href":"https:\/\/www.adrns.org\/bbt\/wp-json\/wp\/v2\/media?parent=1551"}],"curies":[{"name":"wp","href":"https:\/\/api.w.org\/{rel}","templated":true}]}}