{"id":1568,"date":"2023-08-31T22:23:45","date_gmt":"2023-08-31T20:23:45","guid":{"rendered":"https:\/\/www.adrns.org\/bbt\/?page_id=1568"},"modified":"2023-09-27T20:14:25","modified_gmt":"2023-09-27T18:14:25","slug":"videos-bbt","status":"publish","type":"page","link":"https:\/\/www.adrns.org\/bbt\/videos-bbt\/","title":{"rendered":"Vid\u00e9os BBT"},"content":{"rendered":"\n<p>Pr\u00e9sentation du projet<\/p>\n\n\n\n<figure class=\"wp-block-video\"><video height=\"1080\" style=\"aspect-ratio: 1920 \/ 1080;\" width=\"1920\" autoplay controls src=\"https:\/\/www.adrns.org\/bbt\/wp-content\/uploads\/2023\/09\/Video_BBT_VF.mp4\"><\/video><\/figure>\n\n\n\n<p class=\"has-text-align-center has-large-font-size\"><strong><a href=\"https:\/\/www.adrns.org\/bbt\/evenements\/\" data-type=\"link\" data-id=\"https:\/\/www.adrns.org\/bbt\/evenements\/\">NOS EVENEMENTS A VENIR<\/a><\/strong><\/p>\n\n\n\n<p><strong>Lien youtube pour la vid\u00e9o<\/strong> : <a href=\"https:\/\/www.youtube.com\/watch?v=ps-ZxLSSpTE\" data-type=\"link\" data-id=\"https:\/\/www.youtube.com\/watch?v=rIdiPi9OWtU\">Bengu\u00e9 Business Tour<\/a><\/p>\n","protected":false},"excerpt":{"rendered":"<p>Pr\u00e9sentation du projet NOS EVENEMENTS A VENIR Lien youtube pour la vid\u00e9o : Bengu\u00e9 Business Tour<\/p>\n","protected":false},"author":1,"featured_media":0,"parent":0,"menu_order":0,"comment_status":"closed","ping_status":"closed","template":"template-fullwidth.php","meta":{"footnotes":""},"class_list":["post-1568","page","type-page","status-publish","hentry"],"_links":{"self":[{"href":"https:\/\/www.adrns.org\/bbt\/wp-json\/wp\/v2\/pages\/1568","targetHints":{"allow":["GET"]}}],"collection":[{"href":"https:\/\/www.adrns.org\/bbt\/wp-json\/wp\/v2\/pages"}],"about":[{"href":"https:\/\/www.adrns.org\/bbt\/wp-json\/wp\/v2\/types\/page"}],"author":[{"embeddable":true,"href":"https:\/\/www.adrns.org\/bbt\/wp-json\/wp\/v2\/users\/1"}],"replies":[{"embeddable":true,"href":"https:\/\/www.adrns.org\/bbt\/wp-json\/wp\/v2\/comments?post=1568"}],"version-history":[{"count":5,"href":"https:\/\/www.adrns.org\/bbt\/wp-json\/wp\/v2\/pages\/1568\/revisions"}],"predecessor-version":[{"id":1615,"href":"https:\/\/www.adrns.org\/bbt\/wp-json\/wp\/v2\/pages\/1568\/revisions\/1615"}],"wp:attachment":[{"href":"https:\/\/www.adrns.org\/bbt\/wp-json\/wp\/v2\/media?parent=1568"}],"curies":[{"name":"wp","href":"https:\/\/api.w.org\/{rel}","templated":true}]}}